d by ((-29)/8)/(3619/(-88) - -41)?
27
Suppose 129 + 9 = 3*c - 2*h, -3*c = -5*h - 147. Calculate the remainder when 130 is divided by c.
42
Suppose -2*m - 3*m - 105 = 0. Suppose 0 = 3*d + 3*i - 66, 29 + 21 = 2*d + 4*i. Calculate the remainder when d is divided by (-2)/(-7) - 120/m.
1
Let o(c) = 40*c + 7. Let w(q) = 17397*q - 208754. Calculate the remainder when o(5) is divided by w(12).
7
Suppose -m - 5*h + 128 = 0, -4*m - 2*h + 436 = -h. Let z = m + -92. Suppose 0 = -25*t + z*t + 1044. Calculate the remainder when t is divided by 13.
12
Let w(i) = i**3 - 36*i**2 - 38*i + 33. Let t be w(37). Calculate the remainder when 844 is divided by 2 - (-4)/(-1) - 196/t.
45
Let r(i) = 17*i**2 - 6*i + 9. Let l be r(3). Suppose l = 12*n - 9*n. Suppose -4*s = -9*s + 50. Calculate the remainder when n is divided by s.
8
Let w(r) = -231*r + 43661. Let i(q) = -2*q + 6. What is the remainder when i(-6) is divided by w(189)?
0
Let h = 111 + -8. What is the remainder when (0 - -1)*-6 + h is divided by 35?
27
Let u = -94 + 112. Suppose -10*q + 25*q = u*q. Suppose q*s + 5*j = -3*s + 108, -3*j = 2*s - 71. What is the remainder when s is divided by 10?
1
Calculate the remainder when 449 is divided by (-5844)/13636 - 1/7*-521.
5
Let a(c) = -2*c**2 + 17*c - 4. Let k be a(5). Suppose -4*z = -5*y + 2*y - 14, 0 = -5*z - 3*y + k. Calculate the remainder when 2/(z*10/3725) is divided by 38.
35
Suppose 4*q + 1386 = 119*q - 16*q. Calculate the remainder when 342 is divided by q.
6
Suppose -x - 2*x = 4*h + 1, -5*h = -5*x - 25. Suppose -4*m = -h*c + 26, -36 - 16 = -5*c - 3*m. Let p = c + 3. Calculate the remainder when 25 is divided by p.
11
Let n = -23 + 39. What is the remainder when 38 is divided by (-178)/(-16) + ((-114)/n - -7)?
5
Suppose 3*p - 200 = -5*g + 14, -4*g + 3*p = -155. Let z = 15 - 8. What is the remainder when g is divided by z?
6
Let x(k) = 4*k**3 + 10*k**2 - 24*k - 2. Let r(d) = -16*d - 189. Let f be r(-12). Calculate the remainder when x(f) is divided by 63.
61
Suppose -2*t + 66 = 2*z + 10, z + 18 = t. Suppose 2*x - 2*i + 55 = 143, 5*i = -4*x + 212. Suppose b = x + 42. What is the remainder when b is divided by t?
21
Suppose -5*w + x = -82, w + 3*x - 26 = -w. Suppose w*r + 30 = 18*r. What is the remainder when 148 is divided by r?
13
Suppose p + 4*f - 167 = 0, 9598*f - 707 = -4*p + 9595*f. Calculate the remainder when p is divided by (7 + 1)*(1 - 0).
3
Let c(q) be the third derivative of 13*q**4/24 + 4*q**3/3 + 9*q**2. Let w be c(4). Let v = w - 7. What is the remainder when v is divided by 27?
26
Let z(p) = p**3 - 7*p**2 + 33*p - 161. What is the remainder when 46 is divided by z(6)?
0
Calculate the remainder when 404 is divided by (7084/(-40))/(-11) + (195/(-150))/13.
4
Suppose -2*f + 15 = 3*f. Suppose -192 = -7*c + f*c. Suppose c = 5*d + d. What is the remainder when 28 is divided by d?
4
Suppose 1777 = z + 5*j, 724*z + 2*j - 9046 = 719*z. Calculate the remainder when z is divided by 167.
142
Suppose 39421 - 47879 = -76*d + 201910. Calculate the remainder when d is divided by 163.
160
Let l(y) = y**2. Let w be l(0). Let v = 289 - 157. Suppose 5*c - 11 = -r, w*r + 2*c + v = 4*r. What is the remainder when 122 is divided by r?
29
Let i = -1354 + 1372. Calculate the remainder when 808 is divided by i.
16
Suppose s + n - 16 = -4*s, -s + 5*n = 2. Suppose 0 = -5*h - 5*r + 80, 2*r - 28 = -h - s*r. Suppose 301 - h = 6*w. What is the remainder when w is divided by 10?
8
Suppose -5*g + 242 = -783. Suppose -148 = -4*m + 4*z, -4*m = 4*z - 37 - 95. What is the remainder when g is divided by m?
30
Suppose r + 23 = 26. Suppose r + 0 = -3*q. Let x(v) = 41*v**2 - 2*v - 2. Calculate the remainder when x(q) is divided by 15.
11
Suppose 2*u = 2, 30*q + 3*u - 15 = 27*q. Calculate the remainder when -2 - (-2 - -1) - -22 is divided by q.
1
Calculate the remainder when 9562 is divided by 7/14*(50 + -40).
2
Suppose 308 - 4354 = -17*b. Let i = -10 + 34. What is the remainder when b is divided by i?
22
Let x be ((-285)/20 + -4)/((-4)/32). Suppose -r + 90 = -x. What is the remainder when r is divided by 48?
44
Suppose 4*d = -31 + 15, 2*t - 2*d - 156 = 0. Suppose -31 = 5*z - 161. Calculate the remainder when t is divided by z.
22
Let q be 1*(347 + (-5)/5). Let m = -337 + q. What is the remainder when 26 is divided by m?
8
Suppose 32*k - 66 = 30. Suppose -27 - 9 = -t - 4*d, 118 = k*t + 2*d. Suppose 2*q - 58 = -12. Calculate the remainder when t is divided by q.
17
Let d be 8 + -7 + -2 + 166. Suppose -3*p - d = -105. Let a(n) = -n**2 - 22*n - 24. Calculate the remainder when 42 is divided by a(p).
10
Let m = 180 + -176. Let l(y) = 2*y**2 - 4*y + 15. Let v(p) = -p**3 + 10*p**2 + p - 2. What is the remainder when v(9) is divided by l(m)?
26
Let o = 10716 - 10158. Calculate the remainder when o is divided by 89.
24
Let l = -152 + 162. What is the remainder when ((-1420)/l)/(1*-1) is divided by 53?
36
Let d = -42 - -112. Suppose -2*f + d = -2*o, -2*f + 58 = -3*o - 2*o. Calculate the remainder when 194 is divided by f.
38
Calculate the remainder when (-19)/171 + (-50974)/(-63) + 10 is divided by 104.
91
Let w = -4931 - -5027. Calculate the remainder when 1629 is divided by w.
93
Let c(d) = -d**3 - 4*d**2 - 5*d - 6. Suppose -16*f = -14*f - 260. Let j = f - 115. Calculate the remainder when c(-5) is divided by j.
14
Suppose 98 = 15*k - 14*k. Let l(i) = -7*i + 94. Let m be l(25). Let b = k + m. What is the remainder when b is divided by 5?
2
Let d = 3680 - 3644. What is the remainder when 75 is divided by d?
3
Suppose a + 2*a - v = 2, -4*v + 10 = -3*a. Suppose 0*t = a*t + 60. Let g = t + 81. What is the remainder when g is divided by 14?
9
Let n be 4/(-10*(-6)/(-15)). Calculate the remainder when 117 is divided by 28/(-42) - (n + 177/(-9)).
17
Let k = -2008 + 2425. What is the remainder when k is divided by 81?
12
Suppose 2*s - 197 = -u, -21*s + 71 = -20*s + 6*u. Let f be 1/(-2) + 6/(-12). What is the remainder when s is divided by ((-68)/6)/(f/3)?
33
Let m(s) = -11*s + 9. Let n be m(-4). Suppose -5*i - n = -2*r - r, -r = -2*i - 17. Suppose -r*o + 24*o - 15 = 0. What is the remainder when 27 is divided by o?
2
Let j(z) = 6*z**2 + 9*z - 17. Let y(r) = -r**3 + 12*r**2 - r + 13. Let a be y(12). Suppose -49 = -12*s - a. Calculate the remainder when j(s) is divided by 29.
28
Let k(o) = -68 + 47 - 4*o**2 + 5*o**2 - 5*o + o**2. What is the remainder when k(7) is divided by 15?
12
Let o be -2*5*(462/4)/(-11). Suppose 3*k = 10*k - o. Let d = 207 - 89. What is the remainder when d is divided by k?
13
Let l(p) = -p**3 - 16*p**2 - 43*p - 12. Calculate the remainder when 718 is divided by l(-13).
38
Let q = -3 + 9. Let t = 94 - 91. Suppose 4*a - t*a - 1 = 0. Calculate the remainder when q is divided by a.
0
Suppose -4177*n + 4172*n = 2*u - 95578, -5*n = -4*u - 95584. What is the remainder when n is divided by 121?
119
Let y be 2019*(-18)/135*(-5)/2. Suppose 2312 = 4*o - 3*f, 3*o + 3*f = y + 1061. Calculate the remainder when o is divided by 29.
27
Let k = -18 + 49. Suppose 73*b = -25*b + 588. What is the remainder when k is divided by b?
1
Let j(w) = -7*w - 360. Let d be j(-52). Suppose d*g - 1016 = -4*r + 708, 0 = 4*g - 5*r - 1697. What is the remainder when g is divided by 14?
8
Let f = -3780 + 4355. Calculate the remainder when f is divided by 78.
29
Suppose -13*r + 7*r - 6 = 0. Let w be r/(-5) + 3718/10. Suppose 0 = -6*f + 2*f + w. What is the remainder when f is divided by 19?
17
Let r(u) = u**2 - 2*u - 30. Let t(z) = 5*z - 6. Let p be t(-3). Let k be p*(1/(-3) - 0). What is the remainder when 19 is divided by r(k)?
4
Let s = 13 - 0. Let z = 275 - 376. Let x = z + 121. What is the remainder when x is divided by s?
7
Let y = -5496 + 5682. What is the remainder when 199 is divided by y?
13
Suppose 3*c + 44*w = 41*w + 243, -2*c + 2*w = -174. What is the remainder when 1340 is divided by c?
80
Suppose -12228 = 1604*z - 1616*z. What is the remainder when z is divided by 30?
29
Let f = 26516 - 18125. What is the remainder when f is divided by 77?
75
Let c = -34067 - -34100. What is the remainder when c is divided by (23/2*-2)/(-1)?
10
Let q = 221 + -130. Suppose 0 = -4*v + n + q, -n - 6 = v - 30. What is the remainder when 758/8 - v/(-92) is divided by 24?
23
Suppose 11*x = -4*a + 16*x - 2, 9*x - 20 = -